 -133. Let f = 81 - l. Suppose 5*w - f = 23. Calculate the highest common divisor of w and 2.
2
Suppose -3*t + g = 1, 0 = -2*g - 2*g + 4. Suppose 2*z + 36 = h - 30, t = z + 1. Calculate the highest common divisor of 16 and h.
16
Let n be (1 - -3)/(2 + 0). Suppose 3*p = n*t + 13 - 5, -3*t + 3*p - 6 = 0. What is the highest common divisor of t and 1?
1
Suppose 0*f = -5*f. Let s be (f + 0)/(4 - 3). Let o be 0 + (1 - s) - -11. Calculate the greatest common factor of 108 and o.
12
Let t(m) = -m**2 - 6*m - 4. Let a be t(-3). Suppose 7*w + 52 = 2*w + h, -4*w + a*h = 29. Let d = w - -15. Calculate the greatest common factor of 6 and d.
2
Let i = 460 - 251. What is the highest common divisor of i and 19?
19
Suppose 2*f - 4 = 0, -23 - 20 = -3*c + f. Calculate the greatest common divisor of c and 15.
15
Let l be (2/(-4))/((-2)/8). Let h = 4 - l. Suppose h*p = 33 + 7. Calculate the highest common divisor of 30 and p.
10
Let w(s) be the first derivative of 4*s**2 + 4*s + 4. Let a be w(3). Let f = -20 + a. Calculate the highest common factor of 16 and f.
8
Suppose 7*m - 29 = 4*m - 2*h, 50 = 5*m + 5*h. Suppose 10*j - m*j = 18. Let u be (1 + 0)/((-1)/(-6)). Calculate the greatest common factor of j and u.
6
Let a be (-4)/12 - 2/(-6). Suppose a = t + 3*f - 15, -4*t = -t + 4*f - 25. Let d(y) = 2*y - 1. Let k be d(t). What is the greatest common divisor of 20 and k?
5
Suppose -t = 4*a - 2*a - 18, 0 = 5*a - 4*t - 19. Let p = -2 + 4. Let u = a + p. What is the highest common factor of u and 1?
1
Suppose -113 = -5*c - k + 95, k + 2 = 0. Suppose -8 + 3 = 5*m, 5*r = -4*m + 6. Let l be 0 - (-26 - r/1). Calculate the highest common factor of c and l.
14
Let y(f) = -f**3 - 16*f**2 + 16*f - 1. Let p be y(-17). Calculate the highest common factor of 144 and p.
16
Suppose 16*r - 24*r + 224 = 0. What is the highest common factor of 21 and r?
7
Let w = 212 - 122. Let x(v) = -1. Let b(f) = f - 2. Let z(d) = -4*b(d) + 14*x(d). Let j be z(-4). Calculate the greatest common divisor of w and j.
10
Let a be (-1 - -7)*14/6. Let u be 2 + (-3)/(6/4). Suppose 2*f - 4*v = 152, -5*v = -f - u*v + 85. What is the greatest common factor of f and a?
14
Suppose 7*k - 223 = 57. What is the highest common divisor of k and 10?
10
Let d(s) = -s**2 + 12*s - 1. Let i be d(6). Calculate the highest common factor of 35 and i.
35
Suppose -8 - 6 = i. Let j be 298/14 + 4/i. Suppose -5*s + n + 839 = 0, 3*n + 0 - 3 = 0. Calculate the highest common divisor of j and s.
21
Suppose 8 + 1 = -3*j. Let a be j/(9/12) - -1. Let v = a + 4. Calculate the greatest common factor of v and 1.
1
Let x(a) = -6*a - 62. Let o be x(-12). What is the greatest common factor of o and 55?
5
Let d(i) = i**2 - 22*i + 32. Let o be d(21). What is the greatest common divisor of 176 and o?
11
Suppose -a = -3*q - 3*a + 759, -5*q - 2*a = -1265. Calculate the greatest common factor of q and 23.
23
Let j(w) = w**3 - w**2 + 7*w + 9. Let c be j(6). What is the greatest common divisor of c and 21?
21
Suppose -25 = -4*z - 4*y + 27, 4*y + 74 = 5*z. What is the highest common divisor of 112 and z?
14
Suppose 2*d = c - 18, 5*c = -4*d + 80 - 4. Let y = 96 - 64. What is the greatest common divisor of y and c?
16
Let g be 63*(1 + 0/4). Let a = g + -18. Calculate the highest common divisor of a and 18.
9
Suppose -14 = -c + p - 0*p, 3*c - p = 34. What is the highest common factor of 6 and c?
2
Suppose -2*o + 2*b = 4*b, -4*b = 2*o + 10. Suppose -3*s - o*f = s - 224, -5*f = -4*s + 224. Calculate the greatest common divisor of s and 7.
7
Let r(o) = -o**3 + 6*o**2 - 2*o + 6. Let m be r(6). Let p be (102/2)/((-9)/m). Calculate the greatest common factor of p and 17.
17
Let t(d) = d - 1. Let f be t(3). Suppose 3*k + 32 = -f*i - 3*i, k + 8 = -i. Let z be (-64)/(-4)*(-2)/k. What is the greatest common factor of z and 4?
4
Let p be 7/((-21)/(-324))*(-5)/(-10). Calculate the greatest common factor of 594 and p.
54
Suppose 0 = -4*r + x - 4 + 1, -2*x = -6. Let m(u) = -u**2 - u + 12. Let j be m(r). What is the highest common divisor of 24 and j?
12
Suppose -4*y + 57 + 15 = 0. What is the highest common divisor of 72 and y?
18
Suppose -23*w = -16*w - 665. Calculate the greatest common factor of 5 and w.
5
Let k(n) = n + 9. Let j be k(-6). Suppose -j*h + 24 = h. What is the greatest common divisor of h and 30?
6
Suppose -2*g + 4*p + 142 = 0, 0 = -p + 2. Let w be ((-330)/99)/(4/(-90)*3). What is the highest common divisor of g and w?
25
Let v(p) = p**3 - 5*p**2 - 4*p - 5. Let u be v(6). Let k = 8 + -7. What is the greatest common factor of k and u?
1
Let d(p) = -p**2 - 9*p + 7. Suppose 3*j + 26 = 5. Let r be d(j). Calculate the greatest common factor of 42 and r.
21
Let x be ((-1)/(-2))/(4/40). Suppose -a - 6 = -3*a - 4*y, -x*a = -3*y - 28. Suppose 54 = a*g + 9. Calculate the greatest common divisor of 18 and g.
9
Let f be 33 + -2 + 8/(-4). What is the greatest common factor of f and 145?
29
Let y(a) = -a**2 + 6*a + 3. Let l be y(6). Suppose -5*w - 5*p + 23 = -12, 45 = 5*w + l*p. Calculate the highest common divisor of w and 18.
6
Suppose -q + 2*q - 36 = 0. Suppose -4*p + 2*p = -8. Calculate the highest common divisor of p and q.
4
Suppose -2*u = r + u - 87, -4*r = u - 315. Suppose -8 = -2*m + 4. Suppose -m*n = -3*n - r. What is the greatest common divisor of 13 and n?
13
Suppose -k = -2*o - 4, -o + 4 = 3*o. Suppose -2*y - k = -5*y. Calculate the greatest common divisor of y and 4.
2
Let j(z) = -z**3 - 5*z**2 - 4*z + 2. Let m be j(-5). Let r = -9 - -8. Let p be 2 + (1 + r)/(-2). Calculate the greatest common divisor of p and m.
2
Let s = 59 - 27. What is the highest common factor of 4 and s?
4
Let u(g) = -g - 1. Let q(w) = -3*w + 1. Let t(v) = -q(v) + 4*u(v). Let p be t(-8). Calculate the highest common factor of 24 and p.
3
Suppose -3*l = -5*z + 7, -l + 2 = -5*z + 1. Let r be z/2 + (-102)/(-4). Calculate the greatest common factor of 5 and r.
5
Let y = 20 + -38. Let b be (12/(-10))/(y/60). Let d = -2 + b. Calculate the greatest common divisor of 16 and d.
2
Suppose -211 - 74 = -5*x - 5*f, 0 = -4*x - 2*f + 226. What is the greatest common divisor of x and 140?
28
Let r(y) = -y**2 + y. Let n(z) = 4*z**2 - 5*z + 70. Let m(o) = n(o) + 5*r(o). Let p be m(0). What is the greatest common factor of 7 and p?
7
Let l(m) = -m**2 - 6*m + 9. Let q be l(-7). Let z(b) = -q - b + 5 + 3. Let o be z(-8). Calculate the highest common divisor of 2 and o.
2
Let t(f) = -f + 10. Let v be t(-8). Let n be 189/14*(-4)/(-6). Let c(j) = 3*j**2 - 4*j - 9. Let m be c(n). What is the greatest common divisor of v and m?
18
Suppose -n - 3*n + 44 = -2*p, 2*n + 50 = -5*p. Let o = -5 - p. Suppose 0*w + 3*w + 2 = 5*u, 4*u - 4*w = 0. What is the highest common divisor of u and o?
1
Suppose 4*n - l = 25, -17 = -3*n - 3*l + 13. What is the greatest common factor of n and 2?
1
Let f(n) = 3*n**2 - n + 6. Let m(b) = 9*b**2 - 4*b + 18. Let l(k) = -17*f(k) + 6*m(k). Let q be l(4). Calculate the highest common factor of 13 and q.
13
Suppose -b = 2*d + 4*b + 21, -5*b + 87 = -4*d. Let y = d + 23. Calculate the greatest common divisor of 20 and y.
5
Let u(h) = 7*h + 7*h - 5*h + h**2 - 2*h**2 - 6. Let r be u(7). What is the greatest common divisor of 1 and r?
1
Let l be 15/10*136/6. What is the highest common divisor of l and 51?
17
Suppose -2*v = -4*j, 6*v - 5*j = 5*v - 6. Suppose 19 - v = 5*m. Let k be 1/(2/18*m). What is the highest common divisor of k and 3?
3
Let o(c) = c**2 + c + 5. Let v be o(-6). Suppose 2*h - 1 = 3. Suppose 2*a - k = h*k + 13, 38 = 2*a + 2*k. Calculate the highest common divisor of a and v.
7
Suppose -c = 13*c - 336. Calculate the highest common factor of 72 and c.
24
Suppose 3*u = 4 + 2, -c - u + 5 = 0. Suppose -3*w + 504 - 80 = 2*p, -c*p = w - 132. Calculate the highest common factor of 36 and w.
36
Suppose 0 = -b + 3*b - 6, -4*b - 8 = -4*k. Suppose k*d - 9 = 1, 4*d = -2*a + 60. Calculate the highest common factor of 286 and a.
26
Suppose 4*i = -4*r - 0*i + 100, -3*r + 3*i + 75 = 0. Suppose 0 = 5*s - 3*s - 550. What is the greatest common divisor of s and r?
25
Let a be ((-5)/4)/((-1)/(-4)). Let s be (-1 - a)*(-3)/(-6). Calculate the highest common divisor of 1 and s.
1
Let w(x) = x**3 - 6*x**2 + 3*x + 10. Let o be w(5). Let l be (-1118)/(-13) + (-1 - o). What is the highest comm